 by 61?
57
Calculate the remainder when 574 is divided by 10.
4
What is the remainder when 163 is divided by 17?
10
Calculate the remainder when 1746 is divided by 25.
21
Calculate the remainder when 155 is divided by 20.
15
Calculate the remainder when 5471 is divided by 7.
4
What is the remainder when 42 is divided by 24?
18
Calculate the remainder when 200 is divided by 51.
47
What is the remainder when 327 is divided by 65?
2
What is the remainder when 495 is divided by 84?
75
Calculate the remainder when 7602 is divided by 28.
14
What is the remainder when 988 is divided by 198?
196
Calculate the remainder when 143 is divided by 8.
7
What is the remainder when 7889 is divided by 7883?
6
What is the remainder when 211 is divided by 39?
16
What is the remainder when 7698 is divided by 1537?
13
What is the remainder when 61 is divided by 16?
13
Calculate the remainder when 40 is divided by 21.
19
What is the remainder when 960 is divided by 46?
40
What is the remainder when 196 is divided by 62?
10
Calculate the remainder when 448 is divided by 9.
7
Calculate the remainder when 1103 is divided by 17.
15
What is the remainder when 20 is divided by 2?
0
Calculate the remainder when 127 is divided by 33.
28
What is the remainder when 94 is divided by 8?
6
Calculate the remainder when 63 is divided by 16.
15
Calculate the remainder when 709 is divided by 65.
59
Calculate the remainder when 238 is divided by 30.
28
What is the remainder when 997 is divided by 111?
109
What is the remainder when 664 is divided by 216?
16
What is the remainder when 209 is divided by 4?
1
Calculate the remainder when 590 is divided by 100.
90
Calculate the remainder when 120 is divided by 76.
44
What is the remainder when 62 is divided by 23?
16
Calculate the remainder when 285 is divided by 81.
42
What is the remainder when 4271 is divided by 25?
21
Calculate the remainder when 24 is divided by 19.
5
Calculate the remainder when 1312 is divided by 73.
71
What is the remainder when 940 is divided by 7?
2
What is the remainder when 510 is divided by 86?
80
What is the remainder when 311 is divided by 77?
3
What is the remainder when 73 is divided by 5?
3
Calculate the remainder when 329 is divided by 140.
49
Calculate the remainder when 2317 is divided by 18.
13
What is the remainder when 145 is divided by 27?
10
Calculate the remainder when 1929 is divided by 223.
145
Calculate the remainder when 456 is divided by 9.
6
What is the remainder when 97 is divided by 20?
17
What is the remainder when 194 is divided by 26?
12
Calculate the remainder when 2471 is divided by 34.
23
Calculate the remainder when 2707 is divided by 301.
299
Calculate the remainder when 101 is divided by 44.
13
What is the remainder when 1144 is divided by 31?
28
Calculate the remainder when 981 is divided by 41.
38
What is the remainder when 330 is divided by 115?
100
Calculate the remainder when 788 is divided by 258.
14
What is the remainder when 2815 is divided by 11?
10
Calculate the remainder when 192 is divided by 27.
3
Calculate the remainder when 4262 is divided by 12.
2
What is the remainder when 5565 is divided by 47?
19
What is the remainder when 194 is divided by 17?
7
Calculate the remainder when 403 is divided by 14.
11
Calculate the remainder when 178 is divided by 61.
56
What is the remainder when 100 is divided by 34?
32
What is the remainder when 306 is divided by 147?
12
What is the remainder when 151 is divided by 85?
66
What is the remainder when 90 is divided by 20?
10
What is the remainder when 1096 is divided by 17?
8
What is the remainder when 665 is divided by 224?
217
Calculate the remainder when 38 is divided by 1.
0
Calculate the remainder when 306 is divided by 31.
27
Calculate the remainder when 1811 is divided by 324.
191
What is the remainder when 59 is divided by 18?
5
Calculate the remainder when 322 is divided by 7.
0
Calculate the remainder when 582 is divided by 53.
52
What is the remainder when 3945 is divided by 42?
39
What is the remainder when 323 is divided by 106?
5
Calculate the remainder when 232 is divided by 37.
10
Calculate the remainder when 511 is divided by 21.
7
What is the remainder when 188 is divided by 51?
35
Calculate the remainder when 481 is divided by 93.
16
Calculate the remainder when 227 is divided by 189.
38
Calculate the remainder when 2328 is divided by 17.
16
What is the remainder when 1278 is divided by 358?
204
What is the remainder when 77 is divided by 12?
5
Calculate the remainder when 3256 is divided by 1.
0
Calculate the remainder when 42 is divided by 28.
14
Calculate the remainder when 838 is divided by 84.
82
What is the remainder when 1884 is divided by 13?
12
What is the remainder when 242 is divided by 7?
4
What is the remainder when 1028 is divided by 125?
28
What is the remainder when 1875 is divided by 1861?
14
Calculate the remainder when 856 is divided by 3.
1
Calculate the remainder when 101 is divided by 13.
10
What is the remainder when 38 is divided by 23?
15
Calculate the remainder when 563 is divided by 172.
47
What is the remainder when 270 is divided by 96?
78
Calculate the remainder when 2101 is divided by 62.
55
What is the remainder when 25145 is divided by 18?
17
Calculate the remainder when 1010 is divided by 23.
21
What is the remainder when 293 is divided by 14?
13
Calculate the remainder when 1486 is divided by 2.
0
Calculate the remainder when 4 is divided by 1.
0
Calculate the remainder when 356 is divided by 17.
16
Calculate the remainder when 9 is divided by 2.
1
What is the remainder when 828 is divided by 248?
84
Calculate the remainder when 202 is divided by 29.
28
Calculate the remainder when 54 is divided by 4.
2
Calculate the remainder when 107 is divided by 28.
23
Calculate the remainder when 6047 is divided by 24.
23
What is the remainder when 267 is divided by 54?
51
What is the remainder when 107 is divided by 10?
7
Calculate the remainder when 379 is divided by 10.
9
What is the remainder when 865 is divided by 28?
25
Calculate the remainder when 2678 is divided by 2672.
6
What is the remainder when 1944 is divided by 8?
0
What is the remainder when 2798 is divided by 156?
146
What is the remainder when 565 is divided by 27?
25
Calculate the remainder when 523 is divided by 180.
163
What is the remainder when 230 is divided by 168?
62
Calculate the remainder when 269 is divided by 7.
3
What is the remainder when 219 is divided by 25?
19
What is the remainder when 193 is divided by 77?
39
What is the remainder when 190 is divided by 99?
91
What is the remainder when 168 is divided by 70?
28
What is the remainder when 4794 is divided by 16?
10
What is the remainder when 307 is divided by 28?
27
What is the remainder when 53 is divided by 14?
11
What is the remainder when 2263 is divided by 12?
7
Calculate the remainder when 4308 is divided by 72.
60
What is the remainder when 495 is divided by 228?
39
What is the remainder when 657 is divided by 28?
13
Calculate the remainder when 1141 is divided by 31.
25
What is the remainder when 208 is divided by 14?
12
Calculate the remainder when 236 is divided by 50.
36
Calculate the remainder when 282 is divided by 108.
66
What is the remainder when 1280 is divided by 7?
6
Calculate the remainder when 995 is divided by 971.
24
What is the remainder when 21372 is divided by 57?
54
What is the remainder when 597 is divided by 74?
5
What is the remainder when 152 is divided by 20?
12
What is the remainder when 127 is divided by 16?
15
Calculate the remainder when 318 is divided by 108.
102
What is the remainder when 271 is divided by 53?
6
Calculate the remainder when 457 is divided by 199.
59
What is the remainder when 818 is divided by 165?
158
What is the remainder when 2155 is divided by 127?
123
Calculate the remainder when 44 is divided by 15.
14
What is the remainder when 767 is divided by 126?
11
Calculate the remainder when 1470 is divided by 487.
9
What is the remainder when 1140 is divided by 374?
18
Calculate the remainder when 273 is divided by 46.
43
What is the remainder when 206 is divided by 154?
52
What is the remainder when 494 is divided by 141?
71
Calculate the remainder when 2461 is divided by 40.
21
Calculate the r